3 = 3*y + 2*z. Let p(s) = 13*s. What is p(y)?
-13
Suppose -4*z + 28 = 3*x, 2*x + 5 - 29 = -4*z. Let j(n) be the first derivative of n**4/4 - 4*n**3/3 - 3*n**2/2 + 5*n + 1. What is j(x)?
-7
Let a(c) = -6 + 15*c**2 - 7*c**2 - 10*c**2 - 4*c. What is a(-4)?
-22
Suppose 0 = q - 5*h - 34, -5*q - 24*h + 58 = -21*h. Let r(i) = -i**3 + 15*i**2 - 16*i + 18. Calculate r(q).
-10
Let s(w) = w**2 - 6. Suppose 0*m = 5*m + 4*u - 25, 0 = -4*u. Suppose -1 + m = -4*r - q, 4*r - 5*q - 20 = 0. What is s(r)?
-6
Let z(d) = 5*d + 4. Suppose 5*o - 21 + 1 = 0. Let k(q) = 14*q + 11. Let a(c) = o*k(c) - 11*z(c). Suppose 4*s - 6 = 2*b, 3*b + 5*s = -8 - 1. Calculate a(b).
-3
Let x(u) = -33*u + 1. Let d be -1 + 2 - (2 - (9 - 9)). Determine x(d).
34
Suppose 8 = 2*p + 4*q, 3*p - q + 0*q = -23. Let y be -9 + 10 - (-1 + 0). Let a(d) = -4*d + 0 + 4 + 302*d**2 - 303*d**y - 3*d. Calculate a(p).
10
Let d = 58 - -13. Let j(g) = 12 + 34*g + 36*g - d*g. Determine j(0).
12
Let z(u) = -u**2 - 12*u - 18. Let p be z(-10). Let d(m) = -13*m**2 + 35*m**2 - 18*m**p - m. What is d(-2)?
18
Let l(x) = x + 1. Let n(r) = -r**2 + 6*r - 3. Let q be n(6). Let j(a) = 2*a - 2. Let p(u) = q*l(u) - j(u). Give p(1).
-6
Let i(p) = -p**2 + 12*p - 9. Suppose 5*m = 2*v + 47, -39*m - 34 = -41*m - 3*v. Determine i(m).
2
Suppose i + 4 = 2*m - 2*i, 3*m - 4*i - 6 = 0. Let a(p) = 2*p + 2 + 2*p + 0*p**2 - m*p**2 + p. Give a(4).
-10
Let g(c) = c - 4 + 0 + 7 - 4*c**2. Let j(t) = -t**3 + t**2 - 1. Let n(q) = -g(q) - 3*j(q). Let x(o) = -o**3 + 3*o**2 + 1. Let s be x(3). Give n(s).
3
Let t = 23 - 28. Let q(x) be the first derivative of -x**4/4 - 2*x**3 - 3*x**2/2 + 11*x + 2. Let d be q(t). Let a(n) = 8*n**2 - 2*n + 1. Determine a(d).
7
Let r be ((0 - 7) + 1 + 6)/2. Let z(w) be the second derivative of r + 1/6*w**3 + 3/2*w**2 - 3*w. Calculate z(-4).
-1
Let j(a) = 16*a - 35. Let f(h) = -25*h + 54. Let i(w) = 5*f(w) + 8*j(w). Determine i(6).
8
Suppose 61 + 32 = 3*a. Let t(k) = -4*k**2 + 41*k + 1. Let w be t(11). Let p = w + a. Let v(c) = -8*c**3 + c. Determine v(p).
7
Let h(t) be the second derivative of t**5/20 - t**4/4 - t**3/3 - 3*t**2 + t + 35. Give h(4).
2
Let p(f) be the first derivative of f**4/4 + f**3/3 - f**2 + 5*f + 63. Calculate p(-4).
-35
Let m(c) = 23*c**2 + 116 + c**2 + c - 117. Determine m(1).
24
Let a = 11 + -7. Let h be (-20)/a*(-2)/5. Let n(z) = -19*z**3 + 18*z**3 + 7*z - 5*z**h + 0*z + 8. Give n(-6).
2
Let z be (-4 - 2*-4) + 1. Let u = z - 9. Let y(b) = 7*b**3 + 11*b - 4. Let x(t) = 15*t**3 - t**2 + 23*t - 8. Let h(w) = 6*x(w) - 13*y(w). What is h(u)?
-8
Let w = -6 - -9. Let x be (w - 7/2)*-12. Let i(v) be the first derivative of -v**4/4 + 2*v**3 - v**2/2 - 10. Give i(x).
-6
Let m(l) = -l**3 - 17*l - 5 + 19*l - 3*l**2 + 0*l**3 + 8*l + 11*l**2. Let c be (-6)/(-9) - (-50)/6. What is m(c)?
4
Let p(f) = 0 - f + 0. Let i(r) = 3*r + 12. Let g be i(9). Suppose 9 = 5*v + g. Give p(v).
6
Let u(o) be the second derivative of 0*o**4 + 6/5*o**5 - 21*o + 0 - 1/6*o**3 + 0*o**2. What is u(1)?
23
Suppose u + 2*r + r = 1, 3*r + 34 = 4*u. Let t(o) = 10 - 12*o**2 + u*o**2 - 4 - 9*o + 6*o**2. Calculate t(7).
-8
Let z(u) = -u + 3*u - 2 + u**2 + 3 + 1. Let n(o) = -6*o - 51. Let w be n(-8). Determine z(w).
5
Let j(s) = s + 5. Let v = 9 - 20. What is j(v)?
-6
Suppose 0 = 4*z - 0*c + 2*c + 70, 13 = -z - 5*c. Let y = z + 15. Let x(o) = -2*o**2 - 3*o + 1. Determine x(y).
-8
Let s(z) be the second derivative of -z**4/12 + 7*z**3/3 - 7*z**2/2 + 138*z. What is s(10)?
33
Let m(z) = z**2 + 7*z - 13. Let u be m(-9). Suppose 0 = a - 3, -u*d + 37 + 12 = 3*a. Suppose 0 - d = 4*s. Let r(y) = -y**2 - 4*y - 2. Calculate r(s).
2
Let b(a) = 11*a + 1. Suppose -u - 4 + 6 = 0. Suppose -37 + 35 = -u*s. What is b(s)?
12
Let r(q) = 8*q**3 - 7*q**2 + 4*q + 13. Let b(d) = -7*d**3 + 6*d**2 - 3*d - 11. Let f(z) = 6*b(z) + 5*r(z). What is f(-2)?
15
Let r = 3 - 0. Suppose r = -3*w, -i + 0*i - 5*w = 1. Suppose -4*u = -4*k + 32, -i*u - 1 = 3*k + 3. Let n(b) = -b - 5. Give n(u).
-1
Let u be 12 + -4 - -2*2. Suppose 2*f = -3*d + 7*f + u, 4*d - 5*f = 16. Let x(y) = 2 + 0*y - y + d + 4*y. What is x(-5)?
-9
Let w(r) be the third derivative of -r**6/120 - r**5/12 - 5*r**3/6 - 2*r**2 + 16. Give w(-5).
-5
Let b(g) = -g - 13. Let q be 2/((-64)/40)*4. What is b(q)?
-8
Let p(t) be the second derivative of t**4/12 - t**3/2 - t**2/2 - 26*t. Determine p(3).
-1
Let s(i) = -30*i**3 + 31*i**3 + 4 + 4*i**2 - 4*i**2 + 3*i**2 - i. Calculate s(-3).
7
Let y(m) = -3*m - 4. Suppose 8 = w - 0. Suppose -3*l + 4*l = 0. Suppose 2*r = -l*r - w. Determine y(r).
8
Let d be (3 - 3)*2/(-2). Let q = d - -1. Let s(c) = 3*c**3 - c**2 - c + 1. Let o(f) = -8*f**3 + 2*f**2 + 2*f - 2. Let a(w) = 3*o(w) + 5*s(w). Calculate a(q).
-8
Let w(i) = -i**2 + 2*i + 6. Let x be w(0). Let b be (1/(-5))/(x/(-30)). Let f(h) = -h + 1. What is f(b)?
0
Let q(i) = i**2 + 4*i + 1. Let v(h) = -h - 23. Let o be v(-19). Let f be 18/o - (-3)/(-6). Calculate q(f).
6
Let t(f) = f**3 + 6*f**2 - 12*f - 13. Let n(a) = -a**2 - a + 1. Let w(g) = -2*n(g) + t(g). Let o be w(-9). Let c(l) = l**2 + 8*l + 5. What is c(o)?
-7
Let v(p) = 3*p - 5. Let q(h) = h**3 + 11*h**2 - 28*h - 22. Let u be q(-13). Give v(u).
7
Let w(k) be the third derivative of 3*k**2 + 0*k - 1/2*k**3 - 1/60*k**5 + 1/3*k**4 + 0. Calculate w(6).
9
Suppose -8*l - 221 + 101 = 0. Let h(v) = -v - 11. Give h(l).
4
Suppose -4*a - 16 = -2*d, a + 0*a = -2*d + 1. Let z(r) = r**3 + 4*r**2 + 2*r + 2. Let k be z(a). Let t(c) = 2*c + 7. What is t(k)?
17
Let i(x) = 357*x**2 - x**3 - 9*x - 6 - 728*x**2 - 3 + 360*x**2. Determine i(-10).
-19
Suppose -k - 6 = -3*p, -32*p = 4*k - 29*p - 36. Let v(o) = o**3 - 7*o**2 + 9*o - 8. What is v(k)?
10
Let i(q) = -q**2 - 12*q - 12. Let b be ((924/(-18))/7)/((-8)/(-12)). Determine i(b).
-1
Let g(h) = 9*h**3 - 4*h + 2. Let r = 38 - 41. Let s(a) = a**3 - 2*a**3 - 1 + 2*a - 3*a**3. Let b(p) = r*g(p) - 7*s(p). Calculate b(-2).
-3
Let y(m) be the second derivative of 0 - 10*m - 3/2*m**2 + 3/2*m**3 - 1/12*m**4. Calculate y(8).
5
Let t(m) = -150*m + 4 + 72*m + 72*m + m**2. Calculate t(4).
-4
Suppose -31 = -28*i + 277. Let l(s) = s - 9. Give l(i).
2
Let w(y) = 169*y - 354*y + 179*y + 4. Determine w(2).
-8
Let b(g) = -2*g + 1. Suppose 45*v - 24 = 49*v. Calculate b(v).
13
Let t(i) = i**2 - 4*i + 7. Let r = -9 - -3. Let p(d) = -d - 2. Let b be p(r). Let f(y) = -y**2 + 4*y - 8. Let j(v) = b*f(v) + 5*t(v). Calculate j(2).
-1
Let r = -81 - -77. Let v(w) be the third derivative of -w**5/60 - 5*w**4/24 + w**3/3 - 4*w**2. Determine v(r).
6
Let g(i) = -i**2 - 6*i - 6. Let x = 29 + -29. Suppose x*y + y = -6. Calculate g(y).
-6
Let q(d) = -3*d**3 + 7*d**2 - 7*d + 7. Suppose -4*a + 6*a - 34 = 0. Let v(u) = -9*u**3 + 20*u**2 - 20*u + 20. Let b(k) = a*q(k) - 6*v(k). Determine b(1).
2
Let h(r) = -r**3 + r**2 + 13*r - 1. Let a be h(4). Suppose 47 = -a*o + 59. Let b(v) = v - 6. Calculate b(o).
-2
Let i(g) = 8*g + 2. Suppose 3*j + m - 56 = -2*j, -5*m = -5. Let c(o) = -40*o - 11. Let y(k) = j*i(k) + 2*c(k). Let b = 334 - 335. What is y(b)?
-8
Let q(s) = 17*s + 14. Let p(k) = -39*k - 29. Let t(d) = -2*p(d) - 5*q(d). Calculate t(-8).
44
Suppose -34*h = -h + 231. Let f(i) = -i - 23. Calculate f(h).
-16
Let g = 90 - 85. Suppose 2*u + 14 = -2*n, -14 = 3*n - g*u + u. Let r(c) = c**2 + 8*c + 7. Calculate r(n).
-5
Let a(j) = 3*j**2 + 5*j - 6. Let x(b) = -b**2 + 40*b - 147. Let f be x(36). Determine a(f).
6
Let n(p) = -29*p**3 + 64*p**3 - p - 34*p**3 + 2*p**2 + 7. Give n(-3).
1
Let q(w) be the second derivative of w**4/12 + 2*w**3/3 - 4*w**2 - 218*w. Determine q(-6).
4
Let y(t) be the second derivative of -t**3/6 + t**2/2 + t. Let r be (4 + (3 - 7))*2/4. Suppose -6*c + 3*c - 15 = r. Determine y(c).
6
Let p be (0/3)/(4 - 5). Suppose -5*w - 15 = f + 4*f, f - w - 1 = p. Let b(u) = 5*u - 1. Determine b(f).
-6
Let q be 1/3 + (-70)/(-15). Suppose 2*d + 3*z - 9 = 0, -4*z + q = 1. Let k(x) = 2 + 5 - 3*x + 6 - 9. Give k(d).
-5
Let b = 8 - 4. Suppose x - 3*r - 27 = -b*r, 97 = 3*x - r. Let t(g) = -g**3 - x*g + 2 - 6*g**2 - 3 + 30*g - 7. What is t(-6)?
-2
Let i(v) = -v**3 + 4 + 2 - 5*v**2 + 0*v**3. Let p = 4932 + -4937. Determine i(p).
6
Let u(a) = a**3 + 2*a + 1. Let k(m) = 3*m**3 + 5*m + 3. Let d(j) = -3*k(j) + 8*u(j). Let w be d(0). Let i(c) = 6*c**2 + c - c**2 + c**2. Give i(w).
5
L